posite?
False
Is 4727 prime?
False
Is 6637 composite?
False
Is 577 a prime number?
True
Is 34019 composite?
False
Is 30283 a prime number?
False
Is 286383 composite?
True
Is 745763 a prime number?
False
Is 84587 prime?
False
Is 5983 prime?
False
Is 199523 a prime number?
True
Is 2561 prime?
False
Is 84703 prime?
False
Is 9197 a prime number?
False
Is 278029 a composite number?
False
Is 90353 composite?
False
Is 565621 a composite number?
True
Is 13621 prime?
False
Is 2459527 a prime number?
False
Is 22189 a prime number?
True
Is 5639 a prime number?
True
Is 403649 a composite number?
False
Is 107441 composite?
False
Is 58495 composite?
True
Is 93683 prime?
True
Is 158127 composite?
True
Is 70637 prime?
False
Is 8399 a prime number?
False
Is 436801 prime?
True
Is 6257 a composite number?
False
Is 1185103 a prime number?
True
Is 4589 a prime number?
False
Is 2361 a prime number?
False
Is 583217 prime?
False
Is 6521 composite?
False
Is 27641 a composite number?
True
Is 226979 composite?
True
Is 91549 composite?
True
Is 743227 a prime number?
False
Is 38297 composite?
True
Is 180551 prime?
False
Is 368755 composite?
True
Is 98749 a prime number?
False
Is 191431 composite?
True
Is 703829 prime?
False
Is 22343 a prime number?
True
Is 58209 composite?
True
Is 16331 prime?
False
Is 19589 a composite number?
True
Is 34597 a prime number?
False
Is 8039 prime?
True
Is 14017 a prime number?
False
Is 9143 composite?
True
Is 1858 a prime number?
False
Is 50989 composite?
False
Is 7289 a composite number?
True
Is 8287 prime?
True
Is 9677 a composite number?
False
Is 140467 composite?
True
Is 81013 prime?
True
Is 95131 a prime number?
True
Is 12437 a composite number?
False
Is 8737 prime?
True
Is 138179 prime?
True
Is 7841 composite?
False
Is 14489 a composite number?
False
Is 8809 a composite number?
True
Is 3153531 a prime number?
False
Is 6239 a composite number?
True
Is 2594351 a prime number?
True
Is 1115 prime?
False
Is 20897 prime?
True
Is 366077 a prime number?
True
Is 6029 a prime number?
True
Is 41371 a prime number?
False
Is 308249 composite?
False
Is 8227 a composite number?
True
Is 722519 a prime number?
False
Is 61949 composite?
False
Is 245029 a composite number?
False
Is 16217 prime?
True
Is 214987 a composite number?
False
Is 2771 composite?
True
Is 1389187 composite?
True
Is 269063 a composite number?
False
Is 2459 composite?
False
Is 213173 a prime number?
True
Is 252277 composite?
False
Is 314021 prime?
True
Is 1548047 a composite number?
True
Is 3884533 a composite number?
False
Is 4127 prime?
True
Is 132817 prime?
True
Is 6943 a composite number?
True
Is 97111 a composite number?
True
Is 13945 composite?
True
Is 654179 a prime number?
False
Is 287657 a prime number?
False
Is 19799 prime?
False
Is 2953373 prime?
True
Is 202859 a composite number?
False
Is 66529 prime?
True
Is 36433 composite?
False
Is 5386 composite?
True
Is 15511 composite?
False
Is 4201 a composite number?
False
Is 140467 a prime number?
False
Is 238891 prime?
False
Is 479 a prime number?
True
Is 17093 a prime number?
True
Is 125771 a composite number?
True
Is 1114 composite?
True
Is 43315 a composite number?
True
Is 474857 composite?
False
Is 53527 a prime number?
True
Is 184435 a prime number?
False
Is 48166 a composite number?
True
Is 16311 prime?
False
Is 1657 prime?
True
Is 406823 a prime number?
False
Is 339103 a composite number?
False
Is 308411 a prime number?
True
Is 2102891 composite?
True
Is 17827 composite?
False
Is 49109 composite?
False
Is 12227 a prime number?
True
Is 4987 a prime number?
True
Is 179 a prime number?
True
Is 997 prime?
True
Is 2099 prime?
True
Is 190389 composite?
True
Is 100423 prime?
False
Is 453569 a prime number?
True
Is 6185 composite?
True
Is 110219 a composite number?
True
Is 16706 prime?
False
Is 54079 composite?
True
Is 27611 a prime number?
True
Is 5779 prime?
True
Is 13061 a prime number?
False
Is 49431 prime?
False
Is 42131 a prime number?
True
Is 3749 prime?
False
Is 536377 a composite number?
False
Is 363493 a prime number?
False
Is 65917 composite?
True
Is 27541 prime?
True
Is 493783 a prime number?
False
Is 13213 prime?
False
Is 1087 prime?
True
Is 3011 composite?
False
Is 79358 a prime number?
False
Is 211199 a composite number?
False
Is 154439 composite?
False
Is 7057 a prime number?
True
Is 1555997 prime?
True
Is 103217 composite?
False
Is 2929 prime?
False
Is 553 a prime number?
False
Is 2797 a composite number?
False
Is 3007 prime?
False
Is 5347 composite?
False
Is 5293 a prime number?
False
Is 144745 composite?
True
Is 1814531 composite?
False
Is 90203 composite?
False
Is 27361 a prime number?
True
Is 295741 composite?
True
Is 12799 composite?
False
Is 3027 composite?
True
Is 614267 a composite number?
False
Is 5923 composite?
False
Is 14981 prime?
False
Is 19937 prime?
True
Is 39583 prime?
False
Is 113189 a prime number?
True
Is 523799 a composite number?
True
Is 1121 composite?
True
Is 78503 prime?
False
Is 10973 a composite number?
False
Is 55607 prime?
False
Is 522113 a composite number?
False
Is 110749 a composite number?
False
Is 37489 prime?
True
Is 9173 a composite number?
False
Is 14471 composite?
True
Is 8545 a prime number?
False
Is 691631 a composite number?
False
Is 56977 a composite number?
True
Is 68567 a prime number?
True
Is 6623 prime?
False
Is 3809 prime?
False
Is 57097 a composite number?
False
Is 625219 a prime number?
False
Is 3421 a prime number?
False
Is 28369 composite?
True
Is 27611 a composite number?
False
Is 9277 a composite number?
False
Is 734681 a composite number?
True
Is 235273 a prime number?
True
Is 308359 a prime number?
True
Is 12883 composite?
True
Is 27955 a prime number?
False
Is 705911 a prime number?
False
Is 2155 prime?
False
Is 315563 a prime number?
False
Is 1794083 a composite number?
False
Is 134773 a composite number?
True
Is 1847701 prime?
True
Is 50411 prime?
True
Is 1285 composite?
True
Is 448441 composite?
True
Is 52553 a composite number?
False
Is 8939 a prime number?
False
Is 175601 composite?
False
Is 227453 a composite number?
False
Is 61741 a prime number?
False
Is 25811 prime?
False
Is 548059 a prime number?
True
Is 16871 composite?
False
Is 85922 a composite number?
True
Is 12820201 prime?
True
Is 119447 a composite number?
False
Is 1215901 prime?
False
Is 54139 prime?
True
Is 5381 composite?
False
Is 3222727 a composite number?
False
Is 26879 composite?
False
Is 10973 a prime number?
True
Is 333763 composite?
True
Is 83177 prime?
True
Is 40351 prime?
True
Is 4831 a composite number?
False
Is 9967 a prime number?
True
Is 3299 composite?
False
Is 99643 prime?
True
Is 26971 a prime number?
False
Is 16015 a composite number?
True
Is 684763 a prime number?
False
Is 29611 a prime number?
True
Is 9491 composite?
False
Is 17827 a prime number?
True
Is 6467 prime?
False
Is 119963 a composite number?
False
Is 3791 composite?
True
Is 34121 a prime number?
False
Is 53969 a composite number?
True
Is 156089 prime?
True
Is 23399 a prime number?
True
Is 802 prime?
False
Is 10167 composite?
True
Is 1806889 composite?
True
Is 309059 composite?
False
Is 258173 a composite number?
False
Is 166223 composite?
True
Is 845243 composite?
True
Is 65599 a prime number?
True
Is 967 prime?
True
Is 126913 prime?
True
Is 31219 composite?
False
Is 395671 a composite number?
False
Is 954167 a composite number?
False
Is 24439 prime?
True
Is 2761 composite?
True
Is 1417649 composite?
False
Is 3919 composite?
False
Is 242113 composite?
True
Is 719557 composite?
False
Is 22669 a composite number?
False
Is 12863 composite?
True
Is 467867 a composite number?
False
Is 4357 composite?
False
Is 3691 composite?
False
Is 21477 prime?
False
Is 3980963 a composite number?
True
Is 142321 a prime number?
False
Is 5131 a prime number?
False
Is 303679 a prime number?
True
Is 48319 a prime number?
False
Is 210953 prime?
False
Is 55617 a prime number?
False
Is 34841 prime?
True
Is 3239 prime?
False
Is 7639 prime?
True
Is 12661 a prime number?
False
Is 155153 a composite number?
False
Is 232801 a prime number?
True
Is 3709 a composite number?
False
Is 42719 prime?
True
Is 9913 a composite number?
True
Is 4303 a prime number?
False
Is 162757 composite?
True
Is 347873 a prime number?
True
Is 51131 a composi